216.73.217.74 - - [24/Apr/2026:12:49:38 -0400] "GET /wp-includes/js/dist/edit-widgets.min.js HTTP/1.1" 200 16838 "-" "Mozilla/5.0 AppleWebKit/537.36 (KHTML, like Gecko; compatible; ClaudeBot/1.0; +claudebot@anthropic.com)"
216.73.217.74 - - [24/Apr/2026:12:49:38 -0400] "GET /wp-includes/js/dist/views.min.js HTTP/1.1" 200 1161 "-" "Mozilla/5.0 AppleWebKit/537.36 (KHTML, like Gecko; compatible; ClaudeBot/1.0; +claudebot@anthropic.com)"
216.73.217.74 - - [24/Apr/2026:12:49:38 -0400] "GET /wp-includes/js/dist/autop.js HTTP/1.1" 200 2773 "-" "Mozilla/5.0 AppleWebKit/537.36 (KHTML, like Gecko; compatible; ClaudeBot/1.0; +claudebot@anthropic.com)"
216.73.217.74 - - [24/Apr/2026:12:49:38 -0400] "GET /wp-includes/js/dist/escape-html.min.js HTTP/1.1" 200 476 "-" "Mozilla/5.0 AppleWebKit/537.36 (KHTML, like Gecko; compatible; ClaudeBot/1.0; +claudebot@anthropic.com)"
216.73.217.74 - - [24/Apr/2026:12:49:38 -0400] "GET /wp-includes/js/mediaelement/wp-mediaelement.min.css HTTP/1.1" 200 982 "-" "Mozilla/5.0 AppleWebKit/537.36 (KHTML, like Gecko; compatible; ClaudeBot/1.0; +claudebot@anthropic.com)"
216.73.217.74 - - [24/Apr/2026:12:49:38 -0400] "GET /wp-includes/js/dist/api-fetch.min.js HTTP/1.1" 200 2304 "-" "Mozilla/5.0 AppleWebKit/537.36 (KHTML, like Gecko; compatible; ClaudeBot/1.0; +claudebot@anthropic.com)"
216.73.217.74 - - [24/Apr/2026:12:49:38 -0400] "GET /wp-includes/js/dist/viewport.js HTTP/1.1" 200 1757 "-" "Mozilla/5.0 AppleWebKit/537.36 (KHTML, like Gecko; compatible; ClaudeBot/1.0; +claudebot@anthropic.com)"
216.73.217.74 - - [24/Apr/2026:12:49:38 -0400] "GET /wp-includes/js/dist/warning.min.js HTTP/1.1" 200 202 "-" "Mozilla/5.0 AppleWebKit/537.36 (KHTML, like Gecko; compatible; ClaudeBot/1.0; +claudebot@anthropic.com)"
216.73.217.74 - - [24/Apr/2026:12:49:39 -0400] "GET /wp-includes/js/dist/media-utils.js HTTP/1.1" 200 5453 "-" "Mozilla/5.0 AppleWebKit/537.36 (KHTML, like Gecko; compatible; ClaudeBot/1.0; +claudebot@anthropic.com)"
57.141.14.111 - - [24/Apr/2026:12:49:39 -0400] "GET /products/giro-savix-road-shoes/195087031/ HTTP/1.1" 404 1251 "-" "meta-externalagent/1.1 (+https://developers.facebook.com/docs/sharing/webmasters/crawler)"
57.141.14.61 - - [24/Apr/2026:12:49:40 -0400] "GET /?products/detail/23577173 HTTP/1.1" 200 9005 "-" "meta-externalagent/1.1 (+https://developers.facebook.com/docs/sharing/webmasters/crawler)"
57.141.14.63 - - [24/Apr/2026:12:49:41 -0400] "GET /products/product/410795231/ HTTP/1.1" 404 1251 "-" "meta-externalagent/1.1 (+https://developers.facebook.com/docs/sharing/webmasters/crawler)"
57.141.14.102 - - [24/Apr/2026:12:49:42 -0400] "GET /products/product/11402758/ HTTP/1.1" 404 1251 "-" "meta-externalagent/1.1 (+https://developers.facebook.com/docs/sharing/webmasters/crawler)"
57.141.14.110 - - [24/Apr/2026:12:49:43 -0400] "GET /products/product/43129931/ HTTP/1.1" 404 1251 "-" "meta-externalagent/1.1 (+https://developers.facebook.com/docs/sharing/webmasters/crawler)"
57.141.14.52 - - [24/Apr/2026:12:49:45 -0400] "GET /products/product/25762058/ HTTP/1.1" 404 1251 "-" "meta-externalagent/1.1 (+https://developers.facebook.com/docs/sharing/webmasters/crawler)"
57.141.14.76 - - [24/Apr/2026:12:49:46 -0400] "GET /products/product/487801631/ HTTP/1.1" 404 1251 "-" "meta-externalagent/1.1 (+https://developers.facebook.com/docs/sharing/webmasters/crawler)"
57.141.14.88 - - [24/Apr/2026:12:49:47 -0400] "GET /products/4762131/ HTTP/1.1" 404 1251 "-" "meta-externalagent/1.1 (+https://developers.facebook.com/docs/sharing/webmasters/crawler)"
57.141.14.7 - - [24/Apr/2026:12:49:49 -0400] "GET /products/tamil-new-movies-online-2019/484033231/ HTTP/1.1" 404 1251 "-" "meta-externalagent/1.1 (+https://developers.facebook.com/docs/sharing/webmasters/crawler)"
216.73.217.74 - - [24/Apr/2026:12:49:49 -0400] "GET /wp-includes/js/dist/reusable-blocks.js HTTP/1.1" 200 3983 "-" "Mozilla/5.0 AppleWebKit/537.36 (KHTML, like Gecko; compatible; ClaudeBot/1.0; +claudebot@anthropic.com)"
216.73.217.74 - - [24/Apr/2026:12:49:49 -0400] "GET /wp-includes/js/dist/deprecated.min.js HTTP/1.1" 200 409 "-" "Mozilla/5.0 AppleWebKit/537.36 (KHTML, like Gecko; compatible; ClaudeBot/1.0; +claudebot@anthropic.com)"
216.73.217.74 - - [24/Apr/2026:12:49:49 -0400] "GET /wp-includes/js/dist/vendor/ HTTP/1.1" 200 1815 "-" "Mozilla/5.0 AppleWebKit/537.36 (KHTML, like Gecko; compatible; ClaudeBot/1.0; +claudebot@anthropic.com)"
216.73.217.74 - - [24/Apr/2026:12:49:49 -0400] "GET /wp-includes/js/dist/nux.js HTTP/1.1" 200 2468 "-" "Mozilla/5.0 AppleWebKit/537.36 (KHTML, like Gecko; compatible; ClaudeBot/1.0; +claudebot@anthropic.com)"
216.73.217.74 - - [24/Apr/2026:12:49:49 -0400] "GET /wp-includes/js/dist/notices.js HTTP/1.1" 200 1538 "-" "Mozilla/5.0 AppleWebKit/537.36 (KHTML, like Gecko; compatible; ClaudeBot/1.0; +claudebot@anthropic.com)"
216.73.217.74 - - [24/Apr/2026:12:49:50 -0400] "GET /wp-includes/js/dist/edit-site.js HTTP/1.1" 200 402806 "-" "Mozilla/5.0 AppleWebKit/537.36 (KHTML, like Gecko; compatible; ClaudeBot/1.0; +claudebot@anthropic.com)"
216.73.217.74 - - [24/Apr/2026:12:49:50 -0400] "GET /wp-includes/js/mediaelement/wp-mediaelement.js HTTP/1.1" 200 968 "-" "Mozilla/5.0 AppleWebKit/537.36 (KHTML, like Gecko; compatible; ClaudeBot/1.0; +claudebot@anthropic.com)"
216.73.217.74 - - [24/Apr/2026:12:49:50 -0400] "GET /wp-includes/js/dist/style-engine.min.js HTTP/1.1" 200 1950 "-" "Mozilla/5.0 AppleWebKit/537.36 (KHTML, like Gecko; compatible; ClaudeBot/1.0; +claudebot@anthropic.com)"
216.73.217.74 - - [24/Apr/2026:12:49:50 -0400] "GET /wp-includes/js/dist/format-library.min.js HTTP/1.1" 200 9083 "-" "Mozilla/5.0 AppleWebKit/537.36 (KHTML, like Gecko; compatible; ClaudeBot/1.0; +claudebot@anthropic.com)"
216.73.217.74 - - [24/Apr/2026:12:49:50 -0400] "GET /wp-includes/js/dist/primitives.min.js HTTP/1.1" 200 767 "-" "Mozilla/5.0 AppleWebKit/537.36 (KHTML, like Gecko; compatible; ClaudeBot/1.0; +claudebot@anthropic.com)"
57.141.14.22 - - [24/Apr/2026:12:49:50 -0400] "GET /products/product/105103131/ HTTP/1.1" 404 1251 "-" "meta-externalagent/1.1 (+https://developers.facebook.com/docs/sharing/webmasters/crawler)"
57.141.14.28 - - [24/Apr/2026:12:49:51 -0400] "GET /products/product/128056831/ HTTP/1.1" 404 1251 "-" "meta-externalagent/1.1 (+https://developers.facebook.com/docs/sharing/webmasters/crawler)"
57.141.14.97 - - [24/Apr/2026:12:49:52 -0400] "GET /products/product/252694831/ HTTP/1.1" 404 1251 "-" "meta-externalagent/1.1 (+https://developers.facebook.com/docs/sharing/webmasters/crawler)"
57.141.14.83 - - [24/Apr/2026:12:49:53 -0400] "GET /products/product/188220231/ HTTP/1.1" 404 1251 "-" "meta-externalagent/1.1 (+https://developers.facebook.com/docs/sharing/webmasters/crawler)"
66.249.73.169 - - [24/Apr/2026:12:49:55 -0400] "GET /shop/05f2746326903 HTTP/1.1" 404 1251 "-" "Mozilla/5.0 (Linux; Android 6.0.1; Nexus 5X Build/MMB29P) AppleWebKit/537.36 (KHTML, like Gecko) Chrome/146.0.7680.177 Mobile Safari/537.36 (compatible; Googlebot/2.1; +http://www.google.com/bot.html)"
57.141.14.64 - - [24/Apr/2026:12:49:56 -0400] "GET /products/product/100841731/ HTTP/1.1" 404 1251 "-" "meta-externalagent/1.1 (+https://developers.facebook.com/docs/sharing/webmasters/crawler)"
57.141.14.2 - - [24/Apr/2026:12:49:56 -0400] "GET /products/maison-margiela-marry-me-shoes/286130331/ HTTP/1.1" 404 1251 "-" "meta-externalagent/1.1 (+https://developers.facebook.com/docs/sharing/webmasters/crawler)"
57.141.14.66 - - [24/Apr/2026:12:49:57 -0400] "GET /products/moncler-leni-sneakers/311012931/ HTTP/1.1" 404 1251 "-" "meta-externalagent/1.1 (+https://developers.facebook.com/docs/sharing/webmasters/crawler)"
57.141.14.31 - - [24/Apr/2026:12:49:58 -0400] "GET /products/product/62460031/ HTTP/1.1" 404 1251 "-" "meta-externalagent/1.1 (+https://developers.facebook.com/docs/sharing/webmasters/crawler)"
57.141.14.107 - - [24/Apr/2026:12:49:59 -0400] "GET /products/jordan-11-retro-sneakers/241624731/ HTTP/1.1" 404 1251 "-" "meta-externalagent/1.1 (+https://developers.facebook.com/docs/sharing/webmasters/crawler)"
57.141.14.45 - - [24/Apr/2026:12:50:00 -0400] "GET /products/product/198478231/ HTTP/1.1" 404 1251 "-" "meta-externalagent/1.1 (+https://developers.facebook.com/docs/sharing/webmasters/crawler)"
57.141.14.76 - - [24/Apr/2026:12:50:02 -0400] "GET /products/casual-dresses-for-moms/106397731/ HTTP/1.1" 404 1251 "-" "meta-externalagent/1.1 (+https://developers.facebook.com/docs/sharing/webmasters/crawler)"
57.141.14.73 - - [24/Apr/2026:12:50:03 -0400] "GET /products/supreme-birkin/478109331/ HTTP/1.1" 404 1251 "-" "meta-externalagent/1.1 (+https://developers.facebook.com/docs/sharing/webmasters/crawler)"
57.141.14.31 - - [24/Apr/2026:12:50:04 -0400] "GET /products/product/178705231/ HTTP/1.1" 404 1251 "-" "meta-externalagent/1.1 (+https://developers.facebook.com/docs/sharing/webmasters/crawler)"
57.141.14.112 - - [24/Apr/2026:12:50:05 -0400] "GET /products/bolf-sport-shoes-price/84238431/ HTTP/1.1" 404 1251 "-" "meta-externalagent/1.1 (+https://developers.facebook.com/docs/sharing/webmasters/crawler)"
57.141.14.21 - - [24/Apr/2026:12:50:06 -0400] "GET /products/scarpe-estive-adidas/435936431/ HTTP/1.1" 404 1251 "-" "meta-externalagent/1.1 (+https://developers.facebook.com/docs/sharing/webmasters/crawler)"
57.141.14.3 - - [24/Apr/2026:12:50:08 -0400] "GET /products/buffalo-plaid-off-the-shoulder-sweater/93660131/ HTTP/1.1" 404 1251 "-" "meta-externalagent/1.1 (+https://developers.facebook.com/docs/sharing/webmasters/crawler)"
57.141.14.31 - - [24/Apr/2026:12:50:09 -0400] "GET /products/five-ten-cycling-shoes/175133531/ HTTP/1.1" 404 1251 "-" "meta-externalagent/1.1 (+https://developers.facebook.com/docs/sharing/webmasters/crawler)"
57.141.14.109 - - [24/Apr/2026:12:50:09 -0400] "GET /products/pain-in-my-heel-and-achilles-tendon/374629231/ HTTP/1.1" 404 1251 "-" "meta-externalagent/1.1 (+https://developers.facebook.com/docs/sharing/webmasters/crawler)"
57.141.14.108 - - [24/Apr/2026:12:50:11 -0400] "GET /products/product/218757831/ HTTP/1.1" 404 1251 "-" "meta-externalagent/1.1 (+https://developers.facebook.com/docs/sharing/webmasters/crawler)"
57.141.14.11 - - [24/Apr/2026:12:50:12 -0400] "GET /products/product/152710831/ HTTP/1.1" 404 1251 "-" "meta-externalagent/1.1 (+https://developers.facebook.com/docs/sharing/webmasters/crawler)"
57.141.14.79 - - [24/Apr/2026:12:50:14 -0400] "GET /products/product/362631631/ HTTP/1.1" 404 1251 "-" "meta-externalagent/1.1 (+https://developers.facebook.com/docs/sharing/webmasters/crawler)"
57.141.14.28 - - [24/Apr/2026:12:50:15 -0400] "GET /products/supreme-lacoste-waist-bag-red/478358231/ HTTP/1.1" 404 1251 "-" "meta-externalagent/1.1 (+https://developers.facebook.com/docs/sharing/webmasters/crawler)"
57.141.14.3 - - [24/Apr/2026:12:50:16 -0400] "GET /products/prezzo-oro-oggi-al-grammo/395258731/ HTTP/1.1" 404 1251 "-" "meta-externalagent/1.1 (+https://developers.facebook.com/docs/sharing/webmasters/crawler)"
57.141.14.67 - - [24/Apr/2026:12:50:17 -0400] "GET /products/fossil-ch2647/180255831/ HTTP/1.1" 404 1251 "-" "meta-externalagent/1.1 (+https://developers.facebook.com/docs/sharing/webmasters/crawler)"
57.141.14.33 - - [24/Apr/2026:12:50:18 -0400] "GET /products/product/84019331/ HTTP/1.1" 404 1251 "-" "meta-externalagent/1.1 (+https://developers.facebook.com/docs/sharing/webmasters/crawler)"
57.141.14.61 - - [24/Apr/2026:12:50:19 -0400] "GET /?products/detail/285820648 HTTP/1.1" 200 9005 "-" "meta-externalagent/1.1 (+https://developers.facebook.com/docs/sharing/webmasters/crawler)"
57.141.14.31 - - [24/Apr/2026:12:50:20 -0400] "GET /products/product/469765431/ HTTP/1.1" 404 1251 "-" "meta-externalagent/1.1 (+https://developers.facebook.com/docs/sharing/webmasters/crawler)"
57.141.14.32 - - [24/Apr/2026:12:50:21 -0400] "GET /products/product/302177831/ HTTP/1.1" 404 1251 "-" "meta-externalagent/1.1 (+https://developers.facebook.com/docs/sharing/webmasters/crawler)"
57.141.14.89 - - [24/Apr/2026:12:50:23 -0400] "GET /products/product/17075831/ HTTP/1.1" 404 1251 "-" "meta-externalagent/1.1 (+https://developers.facebook.com/docs/sharing/webmasters/crawler)"
57.141.14.74 - - [24/Apr/2026:12:50:25 -0400] "GET /products/engagement-ring-with-ring-guard/162847631/ HTTP/1.1" 404 1251 "-" "meta-externalagent/1.1 (+https://developers.facebook.com/docs/sharing/webmasters/crawler)"
57.141.14.31 - - [24/Apr/2026:12:50:25 -0400] "GET /products/caratlane-pendant-earring-set/102317631/ HTTP/1.1" 404 1251 "-" "meta-externalagent/1.1 (+https://developers.facebook.com/docs/sharing/webmasters/crawler)"
57.141.14.107 - - [24/Apr/2026:12:50:26 -0400] "GET /products/product/496037531/ HTTP/1.1" 404 1251 "-" "meta-externalagent/1.1 (+https://developers.facebook.com/docs/sharing/webmasters/crawler)"
57.141.14.28 - - [24/Apr/2026:12:50:27 -0400] "GET /products/nike-donna-limited-edition/339759831/ HTTP/1.1" 404 1251 "-" "meta-externalagent/1.1 (+https://developers.facebook.com/docs/sharing/webmasters/crawler)"
57.141.14.7 - - [24/Apr/2026:12:50:29 -0400] "GET /products/product/15296558/ HTTP/1.1" 404 1251 "-" "meta-externalagent/1.1 (+https://developers.facebook.com/docs/sharing/webmasters/crawler)"
57.141.14.94 - - [24/Apr/2026:12:50:30 -0400] "GET /products/product/155608131/ HTTP/1.1" 404 1251 "-" "meta-externalagent/1.1 (+https://developers.facebook.com/docs/sharing/webmasters/crawler)"
57.141.14.83 - - [24/Apr/2026:12:50:31 -0400] "GET /products/product/118715031/ HTTP/1.1" 404 1251 "-" "meta-externalagent/1.1 (+https://developers.facebook.com/docs/sharing/webmasters/crawler)"
57.141.14.96 - - [24/Apr/2026:12:50:32 -0400] "GET /products/best-noses-for-nose-piercings/65372231/ HTTP/1.1" 404 1251 "-" "meta-externalagent/1.1 (+https://developers.facebook.com/docs/sharing/webmasters/crawler)"
57.141.14.31 - - [24/Apr/2026:12:50:34 -0400] "GET /products/nike-air-more-uptempo-gs-island-green/336647831/ HTTP/1.1" 404 1251 "-" "meta-externalagent/1.1 (+https://developers.facebook.com/docs/sharing/webmasters/crawler)"
57.141.14.72 - - [24/Apr/2026:12:50:34 -0400] "GET /products/product/391513531/ HTTP/1.1" 404 1251 "-" "meta-externalagent/1.1 (+https://developers.facebook.com/docs/sharing/webmasters/crawler)"
57.141.14.96 - - [24/Apr/2026:12:50:36 -0400] "GET /products/product/389446231/ HTTP/1.1" 404 1251 "-" "meta-externalagent/1.1 (+https://developers.facebook.com/docs/sharing/webmasters/crawler)"
57.141.14.95 - - [24/Apr/2026:12:50:37 -0400] "GET /products/product/329346331/ HTTP/1.1" 404 1251 "-" "meta-externalagent/1.1 (+https://developers.facebook.com/docs/sharing/webmasters/crawler)"
57.141.14.61 - - [24/Apr/2026:12:50:38 -0400] "GET /products/red-backless-cocktail-dress/408311231/ HTTP/1.1" 404 1251 "-" "meta-externalagent/1.1 (+https://developers.facebook.com/docs/sharing/webmasters/crawler)"
57.141.14.77 - - [24/Apr/2026:12:50:39 -0400] "GET /products/product/388236431/ HTTP/1.1" 404 1251 "-" "meta-externalagent/1.1 (+https://developers.facebook.com/docs/sharing/webmasters/crawler)"
216.73.217.74 - - [24/Apr/2026:12:50:41 -0400] "GET /wp-includes/js/dist/base-styles.min.js HTTP/1.1" 200 75 "-" "Mozilla/5.0 AppleWebKit/537.36 (KHTML, like Gecko; compatible; ClaudeBot/1.0; +claudebot@anthropic.com)"
216.73.217.74 - - [24/Apr/2026:12:50:41 -0400] "GET /wp-includes/js/dist/preferences-persistence.js HTTP/1.1" 200 3629 "-" "Mozilla/5.0 AppleWebKit/537.36 (KHTML, like Gecko; compatible; ClaudeBot/1.0; +claudebot@anthropic.com)"
216.73.217.74 - - [24/Apr/2026:12:50:41 -0400] "GET /wp-includes/js/dist/core-commands.js HTTP/1.1" 200 4851 "-" "Mozilla/5.0 AppleWebKit/537.36 (KHTML, like Gecko; compatible; ClaudeBot/1.0; +claudebot@anthropic.com)"
216.73.217.74 - - [24/Apr/2026:12:50:41 -0400] "GET /wp-includes/js/jquery/jquery.ui.touch-punch.js HTTP/1.1" 200 509 "-" "Mozilla/5.0 AppleWebKit/537.36 (KHTML, like Gecko; compatible; ClaudeBot/1.0; +claudebot@anthropic.com)"
216.73.217.74 - - [24/Apr/2026:12:50:41 -0400] "GET /wp-includes/js/dist/url.min.js HTTP/1.1" 200 3647 "-" "Mozilla/5.0 AppleWebKit/537.36 (KHTML, like Gecko; compatible; ClaudeBot/1.0; +claudebot@anthropic.com)"
57.141.14.39 - - [24/Apr/2026:12:50:41 -0400] "GET /products/product/400874231/ HTTP/1.1" 404 1251 "-" "meta-externalagent/1.1 (+https://developers.facebook.com/docs/sharing/webmasters/crawler)"
216.73.217.74 - - [24/Apr/2026:12:50:41 -0400] "GET /wp-includes/js/mediaelement/mediaelement.min.js HTTP/1.1" 200 17255 "-" "Mozilla/5.0 AppleWebKit/537.36 (KHTML, like Gecko; compatible; ClaudeBot/1.0; +claudebot@anthropic.com)"
216.73.217.74 - - [24/Apr/2026:12:50:41 -0400] "GET /wp-includes/js/mediaelement/mediaelement-migrate.js HTTP/1.1" 200 1069 "-" "Mozilla/5.0 AppleWebKit/537.36 (KHTML, like Gecko; compatible; ClaudeBot/1.0; +claudebot@anthropic.com)"
216.73.217.74 - - [24/Apr/2026:12:50:41 -0400] "GET /wp-includes/js/dist/customize-widgets.min.js HTTP/1.1" 200 10479 "-" "Mozilla/5.0 AppleWebKit/537.36 (KHTML, like Gecko; compatible; ClaudeBot/1.0; +claudebot@anthropic.com)"
216.73.217.74 - - [24/Apr/2026:12:50:41 -0400] "GET /wp-includes/js/plupload/wp-plupload.js HTTP/1.1" 200 4919 "-" "Mozilla/5.0 AppleWebKit/537.36 (KHTML, like Gecko; compatible; ClaudeBot/1.0; +claudebot@anthropic.com)"
216.73.217.74 - - [24/Apr/2026:12:50:41 -0400] "GET /wp-includes/css/dist/list-reusable-blocks/ HTTP/1.1" 200 3123 "-" "Mozilla/5.0 AppleWebKit/537.36 (KHTML, like Gecko; compatible; ClaudeBot/1.0; +claudebot@anthropic.com)"
57.141.14.34 - - [24/Apr/2026:12:50:42 -0400] "GET /products/mens-running-vests-sale/298645131/ HTTP/1.1" 404 1251 "-" "meta-externalagent/1.1 (+https://developers.facebook.com/docs/sharing/webmasters/crawler)"
57.141.14.111 - - [24/Apr/2026:12:50:43 -0400] "GET /products/patriots-letterman-jacket/380587231/ HTTP/1.1" 404 1251 "-" "meta-externalagent/1.1 (+https://developers.facebook.com/docs/sharing/webmasters/crawler)"
57.141.14.97 - - [24/Apr/2026:12:50:44 -0400] "GET /products/silicone-gel-heel-support/448872831/ HTTP/1.1" 404 1251 "-" "meta-externalagent/1.1 (+https://developers.facebook.com/docs/sharing/webmasters/crawler)"
57.141.14.61 - - [24/Apr/2026:12:50:45 -0400] "GET /products/product/362758231/ HTTP/1.1" 404 1251 "-" "meta-externalagent/1.1 (+https://developers.facebook.com/docs/sharing/webmasters/crawler)"
216.73.217.74 - - [24/Apr/2026:12:50:46 -0400] "GET /wp-includes/js/dist/wordcount.min.js HTTP/1.1" 200 1204 "-" "Mozilla/5.0 AppleWebKit/537.36 (KHTML, like Gecko; compatible; ClaudeBot/1.0; +claudebot@anthropic.com)"
216.73.217.74 - - [24/Apr/2026:12:50:46 -0400] "GET /wp-includes/js/jquery/jquery.hotkeys.min.js HTTP/1.1" 200 870 "-" "Mozilla/5.0 AppleWebKit/537.36 (KHTML, like Gecko; compatible; ClaudeBot/1.0; +claudebot@anthropic.com)"
216.73.217.74 - - [24/Apr/2026:12:50:46 -0400] "GET /wp-includes/js/dist/blob.min.js HTTP/1.1" 200 505 "-" "Mozilla/5.0 AppleWebKit/537.36 (KHTML, like Gecko; compatible; ClaudeBot/1.0; +claudebot@anthropic.com)"
216.73.217.74 - - [24/Apr/2026:12:50:46 -0400] "GET /wp-includes/js/mediaelement/mediaelementplayer-legacy.css HTTP/1.1" 200 2972 "-" "Mozilla/5.0 AppleWebKit/537.36 (KHTML, like Gecko; compatible; ClaudeBot/1.0; +claudebot@anthropic.com)"
216.73.217.74 - - [24/Apr/2026:12:50:46 -0400] "GET /wp-includes/js/plupload/plupload.min.js HTTP/1.1" 200 5376 "-" "Mozilla/5.0 AppleWebKit/537.36 (KHTML, like Gecko; compatible; ClaudeBot/1.0; +claudebot@anthropic.com)"
216.73.217.74 - - [24/Apr/2026:12:50:46 -0400] "GET /wp-includes/js/dist/dom.min.js HTTP/1.1" 200 4539 "-" "Mozilla/5.0 AppleWebKit/537.36 (KHTML, like Gecko; compatible; ClaudeBot/1.0; +claudebot@anthropic.com)"
216.73.217.74 - - [24/Apr/2026:12:50:46 -0400] "GET /wp-includes/js/mediaelement/wp-playlist.js HTTP/1.1" 200 1499 "-" "Mozilla/5.0 AppleWebKit/537.36 (KHTML, like Gecko; compatible; ClaudeBot/1.0; +claudebot@anthropic.com)"
216.73.217.74 - - [24/Apr/2026:12:50:46 -0400] "GET /wp-includes/js/dist/dom-ready.js HTTP/1.1" 200 537 "-" "Mozilla/5.0 AppleWebKit/537.36 (KHTML, like Gecko; compatible; ClaudeBot/1.0; +claudebot@anthropic.com)"
57.141.14.29 - - [24/Apr/2026:12:50:47 -0400] "GET /products/fracap-sale/181481731/ HTTP/1.1" 404 1251 "-" "meta-externalagent/1.1 (+https://developers.facebook.com/docs/sharing/webmasters/crawler)"
216.73.217.74 - - [24/Apr/2026:12:50:47 -0400] "GET /wp-includes/js/dist/block-library.min.js HTTP/1.1" 200 229584 "-" "Mozilla/5.0 AppleWebKit/537.36 (KHTML, like Gecko; compatible; ClaudeBot/1.0; +claudebot@anthropic.com)"
216.73.217.74 - - [24/Apr/2026:12:50:47 -0400] "GET /wp-includes/js/dist/a11y.js HTTP/1.1" 200 1421 "-" "Mozilla/5.0 AppleWebKit/537.36 (KHTML, like Gecko; compatible; ClaudeBot/1.0; +claudebot@anthropic.com)"
57.141.14.94 - - [24/Apr/2026:12:50:48 -0400] "GET /products/marianna-lazy-daisy-days-cardigan/288635131/ HTTP/1.1" 404 1251 "-" "meta-externalagent/1.1 (+https://developers.facebook.com/docs/sharing/webmasters/crawler)"
57.141.14.109 - - [24/Apr/2026:12:50:48 -0400] "GET /products/sole-trader-shoes-uk/461717531/ HTTP/1.1" 404 1251 "-" "meta-externalagent/1.1 (+https://developers.facebook.com/docs/sharing/webmasters/crawler)"
57.141.14.48 - - [24/Apr/2026:12:50:50 -0400] "GET /products/steve-madden-mens-leopard-boots/470704331/ HTTP/1.1" 404 1251 "-" "meta-externalagent/1.1 (+https://developers.facebook.com/docs/sharing/webmasters/crawler)"
57.141.14.63 - - [24/Apr/2026:12:50:52 -0400] "GET /products/6553431/ HTTP/1.1" 404 1251 "-" "meta-externalagent/1.1 (+https://developers.facebook.com/docs/sharing/webmasters/crawler)"
57.141.14.90 - - [24/Apr/2026:12:50:52 -0400] "GET /products/product/63945331/ HTTP/1.1" 404 1251 "-" "meta-externalagent/1.1 (+https://developers.facebook.com/docs/sharing/webmasters/crawler)"
57.141.14.31 - - [24/Apr/2026:12:50:53 -0400] "GET /?products/detail/323598254 HTTP/1.1" 200 9005 "-" "meta-externalagent/1.1 (+https://developers.facebook.com/docs/sharing/webmasters/crawler)"
57.141.14.47 - - [24/Apr/2026:12:50:55 -0400] "GET /products/product/285095031/ HTTP/1.1" 404 1251 "-" "meta-externalagent/1.1 (+https://developers.facebook.com/docs/sharing/webmasters/crawler)"
66.249.73.168 - - [24/Apr/2026:12:50:56 -0400] "GET /shop/d0434111011503 HTTP/1.1" 404 1251 "-" "Mozilla/5.0 (Linux; Android 6.0.1; Nexus 5X Build/MMB29P) AppleWebKit/537.36 (KHTML, like Gecko) Chrome/146.0.7680.177 Mobile Safari/537.36 (compatible; Googlebot/2.1; +http://www.google.com/bot.html)"
57.141.14.60 - - [24/Apr/2026:12:50:56 -0400] "GET /products/air-forces-blue-white-and-red/20463231/ HTTP/1.1" 404 1251 "-" "meta-externalagent/1.1 (+https://developers.facebook.com/docs/sharing/webmasters/crawler)"
66.249.73.168 - - [24/Apr/2026:12:50:56 -0400] "GET /shop/ac25b10726803 HTTP/1.1" 404 1251 "-" "Mozilla/5.0 (Linux; Android 6.0.1; Nexus 5X Build/MMB29P) AppleWebKit/537.36 (KHTML, like Gecko) Chrome/146.0.7680.177 Mobile Safari/537.36 (compatible; Googlebot/2.1; +http://www.google.com/bot.html)"
57.141.14.78 - - [24/Apr/2026:12:50:57 -0400] "GET /products/product/226932431/ HTTP/1.1" 404 1251 "-" "meta-externalagent/1.1 (+https://developers.facebook.com/docs/sharing/webmasters/crawler)"
57.141.14.56 - - [24/Apr/2026:12:50:58 -0400] "GET /products/sneaker-alte/459324531/ HTTP/1.1" 404 1251 "-" "meta-externalagent/1.1 (+https://developers.facebook.com/docs/sharing/webmasters/crawler)"
57.141.14.64 - - [24/Apr/2026:12:51:00 -0400] "GET /products/lipsy-wrap-maxi-dress/273509431/ HTTP/1.1" 404 1251 "-" "meta-externalagent/1.1 (+https://developers.facebook.com/docs/sharing/webmasters/crawler)"
57.141.14.31 - - [24/Apr/2026:12:51:01 -0400] "GET /products/aerie-move-high-waisted-bike-short/18010731/ HTTP/1.1" 404 1251 "-" "meta-externalagent/1.1 (+https://developers.facebook.com/docs/sharing/webmasters/crawler)"
216.73.217.74 - - [24/Apr/2026:12:51:01 -0400] "GET /wp-includes/js/jquery/jquery.color.min.js HTTP/1.1" 200 2641 "-" "Mozilla/5.0 AppleWebKit/537.36 (KHTML, like Gecko; compatible; ClaudeBot/1.0; +claudebot@anthropic.com)"
216.73.217.74 - - [24/Apr/2026:12:51:01 -0400] "GET /wp-includes/js/dist/preferences.min.js HTTP/1.1" 200 2705 "-" "Mozilla/5.0 AppleWebKit/537.36 (KHTML, like Gecko; compatible; ClaudeBot/1.0; +claudebot@anthropic.com)"
216.73.217.74 - - [24/Apr/2026:12:51:01 -0400] "GET /wp-includes/js/plupload/handlers.js HTTP/1.1" 200 5732 "-" "Mozilla/5.0 AppleWebKit/537.36 (KHTML, like Gecko; compatible; ClaudeBot/1.0; +claudebot@anthropic.com)"
216.73.217.74 - - [24/Apr/2026:12:51:01 -0400] "GET /wp-includes/js/jquery/jquery.table-hotkeys.min.js HTTP/1.1" 200 789 "-" "Mozilla/5.0 AppleWebKit/537.36 (KHTML, like Gecko; compatible; ClaudeBot/1.0; +claudebot@anthropic.com)"
216.73.217.74 - - [24/Apr/2026:12:51:01 -0400] "GET /wp-includes/js/dist/commands.min.js HTTP/1.1" 200 15932 "-" "Mozilla/5.0 AppleWebKit/537.36 (KHTML, like Gecko; compatible; ClaudeBot/1.0; +claudebot@anthropic.com)"
216.73.217.74 - - [24/Apr/2026:12:51:01 -0400] "GET /wp-includes/js/dist/is-shallow-equal.js HTTP/1.1" 200 983 "-" "Mozilla/5.0 AppleWebKit/537.36 (KHTML, like Gecko; compatible; ClaudeBot/1.0; +claudebot@anthropic.com)"
57.141.14.16 - - [24/Apr/2026:12:51:01 -0400] "GET /products/silver-box-link-chain/449382831/ HTTP/1.1" 404 1251 "-" "meta-externalagent/1.1 (+https://developers.facebook.com/docs/sharing/webmasters/crawler)"
216.73.217.74 - - [24/Apr/2026:12:51:01 -0400] "GET /wp-includes/js/dist/token-list.min.js HTTP/1.1" 200 532 "-" "Mozilla/5.0 AppleWebKit/537.36 (KHTML, like Gecko; compatible; ClaudeBot/1.0; +claudebot@anthropic.com)"
216.73.217.74 - - [24/Apr/2026:12:51:02 -0400] "GET /wp-includes/js/dist/i18n.js HTTP/1.1" 200 6723 "-" "Mozilla/5.0 AppleWebKit/537.36 (KHTML, like Gecko; compatible; ClaudeBot/1.0; +claudebot@anthropic.com)"
216.73.217.74 - - [24/Apr/2026:12:51:02 -0400] "GET /wp-includes/js/dist/block-directory.min.js HTTP/1.1" 200 6714 "-" "Mozilla/5.0 AppleWebKit/537.36 (KHTML, like Gecko; compatible; ClaudeBot/1.0; +claudebot@anthropic.com)"
216.73.217.74 - - [24/Apr/2026:12:51:02 -0400] "GET /wp-includes/js/jquery/jquery.masonry.min.js HTTP/1.1" 200 628 "-" "Mozilla/5.0 AppleWebKit/537.36 (KHTML, like Gecko; compatible; ClaudeBot/1.0; +claudebot@anthropic.com)"
57.141.14.30 - - [24/Apr/2026:12:51:03 -0400] "GET /products/product/153873531/ HTTP/1.1" 404 1251 "-" "meta-externalagent/1.1 (+https://developers.facebook.com/docs/sharing/webmasters/crawler)"
57.141.14.109 - - [24/Apr/2026:12:51:04 -0400] "GET /products/nike-men-s-clothes-on-sale/344942731/ HTTP/1.1" 404 1251 "-" "meta-externalagent/1.1 (+https://developers.facebook.com/docs/sharing/webmasters/crawler)"
57.141.14.82 - - [24/Apr/2026:12:51:05 -0400] "GET /products/mens-work-joggers/300876931/ HTTP/1.1" 404 1251 "-" "meta-externalagent/1.1 (+https://developers.facebook.com/docs/sharing/webmasters/crawler)"
57.141.14.90 - - [24/Apr/2026:12:51:06 -0400] "GET /products/product/198754331/ HTTP/1.1" 404 1251 "-" "meta-externalagent/1.1 (+https://developers.facebook.com/docs/sharing/webmasters/crawler)"
57.141.14.99 - - [24/Apr/2026:12:51:07 -0400] "GET /products/product/88356231/ HTTP/1.1" 404 1251 "-" "meta-externalagent/1.1 (+https://developers.facebook.com/docs/sharing/webmasters/crawler)"
57.141.14.89 - - [24/Apr/2026:12:51:09 -0400] "GET /products/earrings-for-6-month-old/158125731/ HTTP/1.1" 404 1251 "-" "meta-externalagent/1.1 (+https://developers.facebook.com/docs/sharing/webmasters/crawler)"
57.141.14.42 - - [24/Apr/2026:12:51:10 -0400] "GET /products/product/23590458/ HTTP/1.1" 404 1251 "-" "meta-externalagent/1.1 (+https://developers.facebook.com/docs/sharing/webmasters/crawler)"
57.141.14.66 - - [24/Apr/2026:12:51:11 -0400] "GET /products/almond-toe-chelsea-boots-mens/28366331/ HTTP/1.1" 404 1251 "-" "meta-externalagent/1.1 (+https://developers.facebook.com/docs/sharing/webmasters/crawler)"
57.141.14.112 - - [24/Apr/2026:12:51:12 -0400] "GET /products/product/330204131/ HTTP/1.1" 404 1251 "-" "meta-externalagent/1.1 (+https://developers.facebook.com/docs/sharing/webmasters/crawler)"
57.141.14.27 - - [24/Apr/2026:12:51:14 -0400] "GET /products/ms-crow-gtx-salewa/315104531/ HTTP/1.1" 404 1251 "-" "meta-externalagent/1.1 (+https://developers.facebook.com/docs/sharing/webmasters/crawler)"
57.141.14.109 - - [24/Apr/2026:12:51:14 -0400] "GET /products/mens-tweed-check-suit/300068131/ HTTP/1.1" 404 1251 "-" "meta-externalagent/1.1 (+https://developers.facebook.com/docs/sharing/webmasters/crawler)"
57.141.14.15 - - [24/Apr/2026:12:51:15 -0400] "GET /products/mens-gold-belcher-chain/295894131/ HTTP/1.1" 404 1251 "-" "meta-externalagent/1.1 (+https://developers.facebook.com/docs/sharing/webmasters/crawler)"
57.141.14.106 - - [24/Apr/2026:12:51:17 -0400] "GET /products/product/150420131/ HTTP/1.1" 404 1251 "-" "meta-externalagent/1.1 (+https://developers.facebook.com/docs/sharing/webmasters/crawler)"
57.141.14.54 - - [24/Apr/2026:12:51:19 -0400] "GET /products/product/356984331/ HTTP/1.1" 404 1251 "-" "meta-externalagent/1.1 (+https://developers.facebook.com/docs/sharing/webmasters/crawler)"
57.141.14.74 - - [24/Apr/2026:12:51:19 -0400] "GET /products/product/253274331/ HTTP/1.1" 404 1251 "-" "meta-externalagent/1.1 (+https://developers.facebook.com/docs/sharing/webmasters/crawler)"
57.141.14.16 - - [24/Apr/2026:12:51:21 -0400] "GET /products/asos-4505-3-inch-high-waist-running-shorts-with-zip-phone-po/17720158/ HTTP/1.1" 404 1251 "-" "meta-externalagent/1.1 (+https://developers.facebook.com/docs/sharing/webmasters/crawler)"
57.141.14.77 - - [24/Apr/2026:12:51:21 -0400] "GET /products/karam-safety-shoes-flipkart/248760131/ HTTP/1.1" 404 1251 "-" "meta-externalagent/1.1 (+https://developers.facebook.com/docs/sharing/webmasters/crawler)"
57.141.14.31 - - [24/Apr/2026:12:51:23 -0400] "GET /products/product/203801431/ HTTP/1.1" 404 1251 "-" "meta-externalagent/1.1 (+https://developers.facebook.com/docs/sharing/webmasters/crawler)"
57.141.14.79 - - [24/Apr/2026:12:51:24 -0400] "GET /products/pandora-vintage-b-charm/376727131/ HTTP/1.1" 404 1251 "-" "meta-externalagent/1.1 (+https://developers.facebook.com/docs/sharing/webmasters/crawler)"
116.118.2.113 - - [24/Apr/2026:12:51:24 -0400] "GET /wp-login.php HTTP/1.1" 500 0 "-" "Mozilla/5.0+(Windows+NT+6.3;+WOW64;+Trident/7.0;+rv:11.0)+like+Gecko"
57.141.14.7 - - [24/Apr/2026:12:51:25 -0400] "GET /products/apricot-orange-dress/36871731/ HTTP/1.1" 404 1251 "-" "meta-externalagent/1.1 (+https://developers.facebook.com/docs/sharing/webmasters/crawler)"
116.118.2.113 - - [24/Apr/2026:12:51:25 -0400] "POST /wp-login.php HTTP/1.1" 500 0 "https://projectsoycleaning.com/wp-login.php" "Mozilla/5.0+(Windows+NT+6.3;+WOW64;+Trident/7.0;+rv:11.0)+like+Gecko"
57.141.14.31 - - [24/Apr/2026:12:51:25 -0400] "GET /products/product/63792831/ HTTP/1.1" 404 1251 "-" "meta-externalagent/1.1 (+https://developers.facebook.com/docs/sharing/webmasters/crawler)"
57.141.14.80 - - [24/Apr/2026:12:51:27 -0400] "GET /products/product/289666631/ HTTP/1.1" 404 1251 "-" "meta-externalagent/1.1 (+https://developers.facebook.com/docs/sharing/webmasters/crawler)"
57.141.14.40 - - [24/Apr/2026:12:51:28 -0400] "GET /products/lazada-sweatshirt/265865631/ HTTP/1.1" 404 1251 "-" "meta-externalagent/1.1 (+https://developers.facebook.com/docs/sharing/webmasters/crawler)"
57.141.14.14 - - [24/Apr/2026:12:51:29 -0400] "GET /products/product/212172431/ HTTP/1.1" 404 1251 "-" "meta-externalagent/1.1 (+https://developers.facebook.com/docs/sharing/webmasters/crawler)"
57.141.14.94 - - [24/Apr/2026:12:51:31 -0400] "GET /products/product/56133131/ HTTP/1.1" 404 1251 "-" "meta-externalagent/1.1 (+https://developers.facebook.com/docs/sharing/webmasters/crawler)"
57.141.14.32 - - [24/Apr/2026:12:51:32 -0400] "GET /products/adidas-adizero-counterblast/5230631/ HTTP/1.1" 404 1251 "-" "meta-externalagent/1.1 (+https://developers.facebook.com/docs/sharing/webmasters/crawler)"
57.141.14.73 - - [24/Apr/2026:12:51:33 -0400] "GET /products/tag-heuer-sport-watch-price/483295131/ HTTP/1.1" 404 1251 "-" "meta-externalagent/1.1 (+https://developers.facebook.com/docs/sharing/webmasters/crawler)"
57.141.14.32 - - [24/Apr/2026:12:51:34 -0400] "GET /products/radley-brockwell-bag/403687531/ HTTP/1.1" 404 1251 "-" "meta-externalagent/1.1 (+https://developers.facebook.com/docs/sharing/webmasters/crawler)"
57.141.14.47 - - [24/Apr/2026:12:51:35 -0400] "GET /products/got-season-2-watch-online-free/201559831/ HTTP/1.1" 404 1251 "-" "meta-externalagent/1.1 (+https://developers.facebook.com/docs/sharing/webmasters/crawler)"
57.141.14.61 - - [24/Apr/2026:12:51:36 -0400] "GET /products/best-sneakers-for-men/67458731/ HTTP/1.1" 404 1251 "-" "meta-externalagent/1.1 (+https://developers.facebook.com/docs/sharing/webmasters/crawler)"
57.141.14.68 - - [24/Apr/2026:12:51:38 -0400] "GET /products/product/239841231/ HTTP/1.1" 404 1251 "-" "meta-externalagent/1.1 (+https://developers.facebook.com/docs/sharing/webmasters/crawler)"
57.141.14.83 - - [24/Apr/2026:12:51:39 -0400] "GET /products/product/463922831/ HTTP/1.1" 404 1251 "-" "meta-externalagent/1.1 (+https://developers.facebook.com/docs/sharing/webmasters/crawler)"
57.141.14.47 - - [24/Apr/2026:12:51:41 -0400] "GET /?products/detail/159948901 HTTP/1.1" 200 9005 "-" "meta-externalagent/1.1 (+https://developers.facebook.com/docs/sharing/webmasters/crawler)"
57.141.14.15 - - [24/Apr/2026:12:51:41 -0400] "GET /?products/detail/244205436 HTTP/1.1" 200 9005 "-" "meta-externalagent/1.1 (+https://developers.facebook.com/docs/sharing/webmasters/crawler)"
57.141.14.31 - - [24/Apr/2026:12:51:42 -0400] "GET /products/product/498708931/ HTTP/1.1" 404 1251 "-" "meta-externalagent/1.1 (+https://developers.facebook.com/docs/sharing/webmasters/crawler)"
57.141.14.21 - - [24/Apr/2026:12:51:43 -0400] "GET /products/product/56140231/ HTTP/1.1" 404 1251 "-" "meta-externalagent/1.1 (+https://developers.facebook.com/docs/sharing/webmasters/crawler)"
57.141.14.107 - - [24/Apr/2026:12:51:45 -0400] "GET /?products/detail/44545153 HTTP/1.1" 200 9005 "-" "meta-externalagent/1.1 (+https://developers.facebook.com/docs/sharing/webmasters/crawler)"
57.141.14.17 - - [24/Apr/2026:12:51:46 -0400] "GET /?products/detail/215685880 HTTP/1.1" 200 9005 "-" "meta-externalagent/1.1 (+https://developers.facebook.com/docs/sharing/webmasters/crawler)"
57.141.14.112 - - [24/Apr/2026:12:51:47 -0400] "GET /products/nike-premier-gold-white/347114431/ HTTP/1.1" 404 1251 "-" "meta-externalagent/1.1 (+https://developers.facebook.com/docs/sharing/webmasters/crawler)"
57.141.14.32 - - [24/Apr/2026:12:51:48 -0400] "GET /products/product/146050731/ HTTP/1.1" 404 1251 "-" "meta-externalagent/1.1 (+https://developers.facebook.com/docs/sharing/webmasters/crawler)"
57.141.14.2 - - [24/Apr/2026:12:51:49 -0400] "GET /products/product/99616531/ HTTP/1.1" 404 1251 "-" "meta-externalagent/1.1 (+https://developers.facebook.com/docs/sharing/webmasters/crawler)"
57.141.14.2 - - [24/Apr/2026:12:51:50 -0400] "GET /products/product/118054631/ HTTP/1.1" 404 1251 "-" "meta-externalagent/1.1 (+https://developers.facebook.com/docs/sharing/webmasters/crawler)"
57.141.14.31 - - [24/Apr/2026:12:51:52 -0400] "GET /products/nike-shoes-in-forrest-gump/349618231/ HTTP/1.1" 404 1251 "-" "meta-externalagent/1.1 (+https://developers.facebook.com/docs/sharing/webmasters/crawler)"
57.141.14.53 - - [24/Apr/2026:12:51:52 -0400] "GET /products/product/456996431/ HTTP/1.1" 404 1251 "-" "meta-externalagent/1.1 (+https://developers.facebook.com/docs/sharing/webmasters/crawler)"
57.141.14.103 - - [24/Apr/2026:12:51:54 -0400] "GET /products/stuart-weitzman-reserve-over-the-knee-boots/474586831/ HTTP/1.1" 404 1251 "-" "meta-externalagent/1.1 (+https://developers.facebook.com/docs/sharing/webmasters/crawler)"
57.141.14.110 - - [24/Apr/2026:12:51:55 -0400] "GET /products/blue-adidas-trainers-sports-direct/81107631/ HTTP/1.1" 404 1251 "-" "meta-externalagent/1.1 (+https://developers.facebook.com/docs/sharing/webmasters/crawler)"
57.141.14.68 - - [24/Apr/2026:12:51:56 -0400] "GET /products/kyrie-budget-shoes/259072531/ HTTP/1.1" 404 1251 "-" "meta-externalagent/1.1 (+https://developers.facebook.com/docs/sharing/webmasters/crawler)"
66.249.73.169 - - [24/Apr/2026:12:51:57 -0400] "GET /shop/5eddf7258304502 HTTP/1.1" 404 1251 "-" "Mozilla/5.0 (Linux; Android 6.0.1; Nexus 5X Build/MMB29P) AppleWebKit/537.36 (KHTML, like Gecko) Chrome/146.0.7680.177 Mobile Safari/537.36 (compatible; Googlebot/2.1; +http://www.google.com/bot.html)"
57.141.14.16 - - [24/Apr/2026:12:51:57 -0400] "GET /products/sketcher-model/454987131/ HTTP/1.1" 404 1251 "-" "meta-externalagent/1.1 (+https://developers.facebook.com/docs/sharing/webmasters/crawler)"
66.249.73.168 - - [24/Apr/2026:12:51:57 -0400] "GET /shop/aed8c12956803 HTTP/1.1" 404 1251 "-" "Mozilla/5.0 (Linux; Android 6.0.1; Nexus 5X Build/MMB29P) AppleWebKit/537.36 (KHTML, like Gecko) Chrome/146.0.7680.177 Mobile Safari/537.36 (compatible; Googlebot/2.1; +http://www.google.com/bot.html)"
66.249.73.168 - - [24/Apr/2026:12:51:57 -0400] "GET /shop/49ac5289817801 HTTP/1.1" 404 1251 "-" "Mozilla/5.0 (Linux; Android 6.0.1; Nexus 5X Build/MMB29P) AppleWebKit/537.36 (KHTML, like Gecko) Chrome/146.0.7680.177 Mobile Safari/537.36 (compatible; Googlebot/2.1; +http://www.google.com/bot.html)"
216.73.217.74 - - [24/Apr/2026:12:51:58 -0400] "GET /wp-includes/js/dist/core-commands.min.js HTTP/1.1" 200 3373 "-" "Mozilla/5.0 AppleWebKit/537.36 (KHTML, like Gecko; compatible; ClaudeBot/1.0; +claudebot@anthropic.com)"
216.73.217.74 - - [24/Apr/2026:12:51:58 -0400] "GET /wp-includes/js/dist/preferences-persistence.min.js HTTP/1.1" 200 1925 "-" "Mozilla/5.0 AppleWebKit/537.36 (KHTML, like Gecko; compatible; ClaudeBot/1.0; +claudebot@anthropic.com)"
216.73.217.74 - - [24/Apr/2026:12:51:58 -0400] "GET /wp-includes/js/dist/list-reusable-blocks.js HTTP/1.1" 200 8574 "-" "Mozilla/5.0 AppleWebKit/537.36 (KHTML, like Gecko; compatible; ClaudeBot/1.0; +claudebot@anthropic.com)"
216.73.217.74 - - [24/Apr/2026:12:51:58 -0400] "GET /wp-includes/js/dist/nux.min.js HTTP/1.1" 200 1501 "-" "Mozilla/5.0 AppleWebKit/537.36 (KHTML, like Gecko; compatible; ClaudeBot/1.0; +claudebot@anthropic.com)"
216.73.217.74 - - [24/Apr/2026:12:51:58 -0400] "GET /wp-includes/js/dist/notices.min.js HTTP/1.1" 200 875 "-" "Mozilla/5.0 AppleWebKit/537.36 (KHTML, like Gecko; compatible; ClaudeBot/1.0; +claudebot@anthropic.com)"
57.141.14.18 - - [24/Apr/2026:12:51:58 -0400] "GET /products/ladies-tweed-coat-sale/262612131/ HTTP/1.1" 404 1251 "-" "meta-externalagent/1.1 (+https://developers.facebook.com/docs/sharing/webmasters/crawler)"
216.73.217.74 - - [24/Apr/2026:12:51:58 -0400] "GET /wp-includes/js/dist/reusable-blocks.min.js HTTP/1.1" 200 2342 "-" "Mozilla/5.0 AppleWebKit/537.36 (KHTML, like Gecko; compatible; ClaudeBot/1.0; +claudebot@anthropic.com)"
216.73.217.74 - - [24/Apr/2026:12:51:58 -0400] "GET /wp-includes/js/mediaelement/mediaelement-migrate.min.js HTTP/1.1" 200 479 "-" "Mozilla/5.0 AppleWebKit/537.36 (KHTML, like Gecko; compatible; ClaudeBot/1.0; +claudebot@anthropic.com)"
66.249.73.168 - - [24/Apr/2026:12:51:58 -0400] "GET /shop/8f56d82883703 HTTP/1.1" 404 1251 "-" "Mozilla/5.0 (Linux; Android 6.0.1; Nexus 5X Build/MMB29P) AppleWebKit/537.36 (KHTML, like Gecko) Chrome/146.0.7680.177 Mobile Safari/537.36 (compatible; Googlebot/2.1; +http://www.google.com/bot.html)"
216.73.217.74 - - [24/Apr/2026:12:51:58 -0400] "GET /wp-includes/js/plupload/wp-plupload.min.js HTTP/1.1" 200 2184 "-" "Mozilla/5.0 AppleWebKit/537.36 (KHTML, like Gecko; compatible; ClaudeBot/1.0; +claudebot@anthropic.com)"
216.73.217.74 - - [24/Apr/2026:12:51:58 -0400] "GET /wp-includes/js/dist/edit-site.min.js HTTP/1.1" 200 231852 "-" "Mozilla/5.0 AppleWebKit/537.36 (KHTML, like Gecko; compatible; ClaudeBot/1.0; +claudebot@anthropic.com)"
216.73.217.74 - - [24/Apr/2026:12:51:58 -0400] "GET /wp-includes/js/dist/private-apis.js HTTP/1.1" 200 1443 "-" "Mozilla/5.0 AppleWebKit/537.36 (KHTML, like Gecko; compatible; ClaudeBot/1.0; +claudebot@anthropic.com)"
57.141.14.31 - - [24/Apr/2026:12:51:59 -0400] "GET /products/tecovas-waterproof/486270731/ HTTP/1.1" 404 1251 "-" "meta-externalagent/1.1 (+https://developers.facebook.com/docs/sharing/webmasters/crawler)"
57.141.14.30 - - [24/Apr/2026:12:52:00 -0400] "GET /products/blue-mood-meaning/82151631/ HTTP/1.1" 404 1251 "-" "meta-externalagent/1.1 (+https://developers.facebook.com/docs/sharing/webmasters/crawler)"
57.141.14.18 - - [24/Apr/2026:12:52:01 -0400] "GET /products/bogs-workman-composite-toe/83982831/ HTTP/1.1" 404 1251 "-" "meta-externalagent/1.1 (+https://developers.facebook.com/docs/sharing/webmasters/crawler)"
57.141.14.59 - - [24/Apr/2026:12:52:03 -0400] "GET /products/product/19552258/ HTTP/1.1" 404 1251 "-" "meta-externalagent/1.1 (+https://developers.facebook.com/docs/sharing/webmasters/crawler)"
216.73.217.74 - - [24/Apr/2026:12:52:03 -0400] "GET /wp-includes/js/dist/autop.min.js HTTP/1.1" 200 2009 "-" "Mozilla/5.0 AppleWebKit/537.36 (KHTML, like Gecko; compatible; ClaudeBot/1.0; +claudebot@anthropic.com)"
216.73.217.74 - - [24/Apr/2026:12:52:03 -0400] "GET /wp-includes/js/dist/viewport.min.js HTTP/1.1" 200 904 "-" "Mozilla/5.0 AppleWebKit/537.36 (KHTML, like Gecko; compatible; ClaudeBot/1.0; +claudebot@anthropic.com)"
216.73.217.74 - - [24/Apr/2026:12:52:03 -0400] "GET /wp-includes/js/plupload/moxie.js HTTP/1.1" 200 64081 "-" "Mozilla/5.0 AppleWebKit/537.36 (KHTML, like Gecko; compatible; ClaudeBot/1.0; +claudebot@anthropic.com)"
216.73.217.74 - - [24/Apr/2026:12:52:03 -0400] "GET /wp-includes/js/mediaelement/wp-mediaelement.min.js HTTP/1.1" 200 453 "-" "Mozilla/5.0 AppleWebKit/537.36 (KHTML, like Gecko; compatible; ClaudeBot/1.0; +claudebot@anthropic.com)"
216.73.217.74 - - [24/Apr/2026:12:52:03 -0400] "GET /wp-includes/js/dist/media-utils.min.js HTTP/1.1" 200 3482 "-" "Mozilla/5.0 AppleWebKit/537.36 (KHTML, like Gecko; compatible; ClaudeBot/1.0; +claudebot@anthropic.com)"
216.73.217.74 - - [24/Apr/2026:12:52:03 -0400] "GET /wp-includes/js/dist/rich-text.js HTTP/1.1" 200 18354 "-" "Mozilla/5.0 AppleWebKit/537.36 (KHTML, like Gecko; compatible; ClaudeBot/1.0; +claudebot@anthropic.com)"
216.73.217.74 - - [24/Apr/2026:12:52:03 -0400] "GET /wp-includes/js/dist/redux-routine.js HTTP/1.1" 200 4622 "-" "Mozilla/5.0 AppleWebKit/537.36 (KHTML, like Gecko; compatible; ClaudeBot/1.0; +claudebot@anthropic.com)"
57.141.14.94 - - [24/Apr/2026:12:52:04 -0400] "GET /products/cropped-chinos-meaning/134987631/ HTTP/1.1" 404 1251 "-" "meta-externalagent/1.1 (+https://developers.facebook.com/docs/sharing/webmasters/crawler)"
216.73.217.74 - - [24/Apr/2026:12:52:04 -0400] "GET /wp-includes/js/thickbox/macFFBgHack.png HTTP/1.1" 200 94 "-" "Mozilla/5.0 AppleWebKit/537.36 (KHTML, like Gecko; compatible; ClaudeBot/1.0; +claudebot@anthropic.com)"
216.73.217.74 - - [24/Apr/2026:12:52:04 -0400] "GET /wp-includes/js/dist/html-entities.min.js HTTP/1.1" 200 388 "-" "Mozilla/5.0 AppleWebKit/537.36 (KHTML, like Gecko; compatible; ClaudeBot/1.0; +claudebot@anthropic.com)"
216.73.217.74 - - [24/Apr/2026:12:52:04 -0400] "GET /wp-includes/js/dist/router.min.js HTTP/1.1" 200 5368 "-" "Mozilla/5.0 AppleWebKit/537.36 (KHTML, like Gecko; compatible; ClaudeBot/1.0; +claudebot@anthropic.com)"
57.141.14.7 - - [24/Apr/2026:12:52:04 -0400] "GET /?products/detail/236244608 HTTP/1.1" 200 9005 "-" "meta-externalagent/1.1 (+https://developers.facebook.com/docs/sharing/webmasters/crawler)"
57.141.14.74 - - [24/Apr/2026:12:52:06 -0400] "GET /products/product/481781731/ HTTP/1.1" 404 1251 "-" "meta-externalagent/1.1 (+https://developers.facebook.com/docs/sharing/webmasters/crawler)"
57.141.14.88 - - [24/Apr/2026:12:52:07 -0400] "GET /products/product/90434531/ HTTP/1.1" 404 1251 "-" "meta-externalagent/1.1 (+https://developers.facebook.com/docs/sharing/webmasters/crawler)"
57.141.14.49 - - [24/Apr/2026:12:52:08 -0400] "GET /products/product/466826031/ HTTP/1.1" 404 1251 "-" "meta-externalagent/1.1 (+https://developers.facebook.com/docs/sharing/webmasters/crawler)"
57.141.14.59 - - [24/Apr/2026:12:52:09 -0400] "GET /products/product/455097931/ HTTP/1.1" 404 1251 "-" "meta-externalagent/1.1 (+https://developers.facebook.com/docs/sharing/webmasters/crawler)"
57.141.14.7 - - [24/Apr/2026:12:52:10 -0400] "GET /products/product/61882531/ HTTP/1.1" 404 1251 "-" "meta-externalagent/1.1 (+https://developers.facebook.com/docs/sharing/webmasters/crawler)"
57.141.14.17 - - [24/Apr/2026:12:52:11 -0400] "GET /products/birkenstock-zeppa/72371731/ HTTP/1.1" 404 1251 "-" "meta-externalagent/1.1 (+https://developers.facebook.com/docs/sharing/webmasters/crawler)"
57.141.14.26 - - [24/Apr/2026:12:52:13 -0400] "GET /products/nobull-pink/356502131/ HTTP/1.1" 404 1251 "-" "meta-externalagent/1.1 (+https://developers.facebook.com/docs/sharing/webmasters/crawler)"
57.141.14.108 - - [24/Apr/2026:12:52:14 -0400] "GET /products/product/249802231/ HTTP/1.1" 404 1251 "-" "meta-externalagent/1.1 (+https://developers.facebook.com/docs/sharing/webmasters/crawler)"
57.141.14.6 - - [24/Apr/2026:12:52:15 -0400] "GET /products/kohls-girls-holiday-dress/256973431/ HTTP/1.1" 404 1251 "-" "meta-externalagent/1.1 (+https://developers.facebook.com/docs/sharing/webmasters/crawler)"
57.141.14.45 - - [24/Apr/2026:12:52:16 -0400] "GET /products/lorus-youth-watch/277807731/ HTTP/1.1" 404 1251 "-" "meta-externalagent/1.1 (+https://developers.facebook.com/docs/sharing/webmasters/crawler)"
57.141.14.76 - - [24/Apr/2026:12:52:17 -0400] "GET /products/product/130218231/ HTTP/1.1" 404 1251 "-" "meta-externalagent/1.1 (+https://developers.facebook.com/docs/sharing/webmasters/crawler)"
57.141.14.92 - - [24/Apr/2026:12:52:18 -0400] "GET /products/product/365871631/ HTTP/1.1" 404 1251 "-" "meta-externalagent/1.1 (+https://developers.facebook.com/docs/sharing/webmasters/crawler)"
57.141.14.103 - - [24/Apr/2026:12:52:19 -0400] "GET /products/product/17508131/ HTTP/1.1" 404 1251 "-" "meta-externalagent/1.1 (+https://developers.facebook.com/docs/sharing/webmasters/crawler)"
57.141.14.56 - - [24/Apr/2026:12:52:20 -0400] "GET /products/product/122123331/ HTTP/1.1" 404 1251 "-" "meta-externalagent/1.1 (+https://developers.facebook.com/docs/sharing/webmasters/crawler)"
57.141.14.24 - - [24/Apr/2026:12:52:21 -0400] "GET /products/product/388190031/ HTTP/1.1" 404 1251 "-" "meta-externalagent/1.1 (+https://developers.facebook.com/docs/sharing/webmasters/crawler)"
57.141.14.42 - - [24/Apr/2026:12:52:22 -0400] "GET /products/double-breasted-jacket-for-a-man/152233931/ HTTP/1.1" 404 1251 "-" "meta-externalagent/1.1 (+https://developers.facebook.com/docs/sharing/webmasters/crawler)"
216.73.217.74 - - [24/Apr/2026:12:52:23 -0400] "GET /wp-includes/js/dist/rich-text.min.js HTTP/1.1" 200 11891 "-" "Mozilla/5.0 AppleWebKit/537.36 (KHTML, like Gecko; compatible; ClaudeBot/1.0; +claudebot@anthropic.com)"
216.73.217.74 - - [24/Apr/2026:12:52:23 -0400] "GET /wp-includes/js/dist/redux-routine.min.js HTTP/1.1" 200 2718 "-" "Mozilla/5.0 AppleWebKit/537.36 (KHTML, like Gecko; compatible; ClaudeBot/1.0; +claudebot@anthropic.com)"
216.73.217.74 - - [24/Apr/2026:12:52:23 -0400] "GET /wp-includes/js/plupload/handlers.min.js HTTP/1.1" 200 3601 "-" "Mozilla/5.0 AppleWebKit/537.36 (KHTML, like Gecko; compatible; ClaudeBot/1.0; +claudebot@anthropic.com)"
216.73.217.74 - - [24/Apr/2026:12:52:23 -0400] "GET /wp-includes/js/mediaelement/mediaelement-and-player.js HTTP/1.1" 200 48100 "-" "Mozilla/5.0 AppleWebKit/537.36 (KHTML, like Gecko; compatible; ClaudeBot/1.0; +claudebot@anthropic.com)"
216.73.217.74 - - [24/Apr/2026:12:52:23 -0400] "GET /wp-includes/js/plupload/license.txt HTTP/1.1" 200 6451 "-" "Mozilla/5.0 AppleWebKit/537.36 (KHTML, like Gecko; compatible; ClaudeBot/1.0; +claudebot@anthropic.com)"
216.73.217.74 - - [24/Apr/2026:12:52:23 -0400] "GET /wp-includes/js/dist/is-shallow-equal.min.js HTTP/1.1" 200 479 "-" "Mozilla/5.0 AppleWebKit/537.36 (KHTML, like Gecko; compatible; ClaudeBot/1.0; +claudebot@anthropic.com)"
216.73.217.74 - - [24/Apr/2026:12:52:23 -0400] "GET /wp-includes/js/dist/dom-ready.min.js HTTP/1.1" 200 275 "-" "Mozilla/5.0 AppleWebKit/537.36 (KHTML, like Gecko; compatible; ClaudeBot/1.0; +claudebot@anthropic.com)"
216.73.217.74 - - [24/Apr/2026:12:52:23 -0400] "GET /wp-includes/js/dist/a11y.min.js HTTP/1.1" 200 794 "-" "Mozilla/5.0 AppleWebKit/537.36 (KHTML, like Gecko; compatible; ClaudeBot/1.0; +claudebot@anthropic.com)"
57.141.14.41 - - [24/Apr/2026:12:52:23 -0400] "GET /products/product/488368831/ HTTP/1.1" 404 1251 "-" "meta-externalagent/1.1 (+https://developers.facebook.com/docs/sharing/webmasters/crawler)"
216.73.217.74 - - [24/Apr/2026:12:52:23 -0400] "GET /wp-includes/js/mediaelement/wp-playlist.min.js HTTP/1.1" 200 1014 "-" "Mozilla/5.0 AppleWebKit/537.36 (KHTML, like Gecko; compatible; ClaudeBot/1.0; +claudebot@anthropic.com)"
216.73.217.74 - - [24/Apr/2026:12:52:23 -0400] "GET /wp-includes/js/mediaelement/mediaelementplayer-legacy.min.css HTTP/1.1" 200 2394 "-" "Mozilla/5.0 AppleWebKit/537.36 (KHTML, like Gecko; compatible; ClaudeBot/1.0; +claudebot@anthropic.com)"
57.141.14.82 - - [24/Apr/2026:12:52:25 -0400] "GET /products/product/429743231/ HTTP/1.1" 404 1251 "-" "meta-externalagent/1.1 (+https://developers.facebook.com/docs/sharing/webmasters/crawler)"
57.141.14.2 - - [24/Apr/2026:12:52:26 -0400] "GET /products/air-max-1-ultra-moire-iridescent/22349931/ HTTP/1.1" 404 1251 "-" "meta-externalagent/1.1 (+https://developers.facebook.com/docs/sharing/webmasters/crawler)"
57.141.14.86 - - [24/Apr/2026:12:52:27 -0400] "GET /products/product/290659231/ HTTP/1.1" 404 1251 "-" "meta-externalagent/1.1 (+https://developers.facebook.com/docs/sharing/webmasters/crawler)"
57.141.14.105 - - [24/Apr/2026:12:52:28 -0400] "GET /products/nike-running-shoes-air-max-womens/348401731/ HTTP/1.1" 404 1251 "-" "meta-externalagent/1.1 (+https://developers.facebook.com/docs/sharing/webmasters/crawler)"
57.141.14.7 - - [24/Apr/2026:12:52:29 -0400] "GET /products/product/233894131/ HTTP/1.1" 404 1251 "-" "meta-externalagent/1.1 (+https://developers.facebook.com/docs/sharing/webmasters/crawler)"
